-3). Suppose -5*a - 5*r + 20 = 0, 0 = r - 3 - l. What are the prime factors of o(a)?
13
Let b be (-1 + 5/3)*3. List the prime factors of (-1)/3*(-90)/b.
3, 5
Let j = 3 - 3. Let c = j - -13. List the prime factors of c.
13
Let v = 98 + 60. List the prime factors of v.
2, 79
Let l(r) = r**3 - 7*r**2 + 6*r - 12. List the prime factors of l(7).
2, 3, 5
Let l(q) = -q**3 + 4*q**2 + 6*q. Let k be l(5). Suppose -20 = -2*h - 5*i, 0 = 5*h - k*i + 2*i - 50. List the prime factors of 56/h - (-2)/5.
2, 3
Let r = 60 + -26. Let s = 51 - r. What are the prime factors of s?
17
Let o(x) = -10*x - 18. What are the prime factors of o(-7)?
2, 13
Let k(v) = -6*v + 25. Let o be k(5). Let y = 6 + 1. Let b = y + o. What are the prime factors of b?
2
Suppose -4 = -3*k + 5*b + 10, -5*b - 17 = -4*k. Suppose 0 = k*g - 0*g - 54. What are the prime factors of g?
2, 3
Let u be 3/(1/(-4) - -1). Suppose -w = -u*w + 24. List the prime factors of w.
2
List the prime factors of 2 + -4 + (2 - -26).
2, 13
Let v(s) be the second derivative of s**3/6 + 3*s**2 - s. Suppose -4*k - 15 = -3*c - 50, 0 = k - 2*c - 15. What are the prime factors of v(k)?
11
Suppose 3*s - 2 = 13. What are the prime factors of 79/s - 8/(-40)?
2
Let k(b) = -12*b - 1. What are the prime factors of k(-1)?
11
Let b(k) = -4 - 3*k + 8*k - 1. Let g be b(5). Suppose -3*i = -8*i + g. What are the prime factors of i?
2
Suppose 2*z + m + 16 = 109, 5*z - m = 243. What are the prime factors of z?
2, 3
Let q = 7 + -5. Suppose n - 6 = -q. List the prime factors of n.
2
Suppose 12*s - 1788 = 6*s. List the prime factors of s.
2, 149
Let w(c) be the second derivative of -c**5/10 - c**4/4 + c**2/2 + 2*c. Let r be w(-2). Suppose g + 32 = r*g. What are the prime factors of g?
2
Suppose 5*n = 2*n. Suppose -4*x + 2*v + 56 = 0, 5*x - v - 73 = -n. List the prime factors of x.
3, 5
Let r(d) = -8*d**3 - d**2 - 2*d - 1. What are the prime factors of r(-2)?
3, 7
Let h(x) = x + 1. Let m be h(1). Suppose m = 5*d - 13. Suppose -3*p + 16 = -n, -d*p + 3*n = -0*n - 18. List the prime factors of p.
5
Let c be -21*(-1 - 15/(-9)). Let k = 40 + c. Suppose 0 = -2*l - 2*t + k, -3*l - t + 23 = -2*t. What are the prime factors of l?
3
Suppose -4*j + 20 = 2*b, 0*j = -5*j + 5*b + 10. Suppose 3*k - j = 2*k. Suppose -q + 7 = -k. What are the prime factors of q?
11
Suppose 0 = -5*m + 2*v + 138, 7*v = m + 3*v - 24. List the prime factors of m.
2, 7
Suppose -g = -3*g - 8. Let t = g - -6. Suppose -t = 2*r - 8. List the prime factors of r.
3
Let x = 4 + -5. Let v be (x - 0)/((-4)/116). Suppose 0 = -4*b + 3*o + v, -3*o + 30 + 29 = 4*b. What are the prime factors of b?
11
Let q = -65 - -102. What are the prime factors of q?
37
Let l be 1/4 + (-28)/(-16). Let f be 3/l*30/9. Suppose 0 = 2*v + f*b + 21, 4*v + 4*b = 5*v - 22. List the prime factors of v.
2
Suppose r + 6*g + 11 = g, 0 = 4*r + 5*g - 1. What are the prime factors of r?
2
Let m(x) = 4*x + 18. Let l(i) = 3*i + 12. Let r(j) = -8*l(j) + 5*m(j). What are the prime factors of r(-5)?
2, 7
Let g(d) = 9*d - 3. Let z be g(7). Suppose 2*o + 3*o = z. What are the prime factors of o?
2, 3
What are the prime factors of 26*(-6)/(36/(-21))?
7, 13
Let z = 3 + -1. Let v(h) = h**2 + 0 + 0 - 1 + z*h. List the prime factors of v(-4).
7
Suppose -q = 4*w - 19, -q + 3*q + 3*w = 13. Let t = 4 + q. Suppose t*y - y = 42. What are the prime factors of y?
3, 7
Let k = -2 - -31. What are the prime factors of k?
29
Suppose 1202 = -12*s + 3038. What are the prime factors of s?
3, 17
Let w be (5 + -6)*(1 - 1). Let q = 0 - w. What are the prime factors of (q + 2 + 0)*4?
2
Suppose 26*p - 30*p = -88. What are the prime factors of p?
2, 11
What are the prime factors of -6*(-27)/24*552/18?
3, 23
Suppose 5*k + 13 = 6*k. Suppose 1 = -5*i + h + k, 16 = 3*i - 5*h. What are the prime factors of i?
2
What are the prime factors of 208*(-3 + 30/8)?
2, 3, 13
What are the prime factors of (-2 + 1)/(7/(-1470))?
2, 3, 5, 7
Let r be -18 + -2*6/(-4). What are the prime factors of (-10)/r*198/4?
3, 11
Let u be (1/1 - 0)/1. Let n be (1 - -14*u) + -1. Suppose d + 2 = n. What are the prime factors of d?
2, 3
Let v(w) = -w**2 + w + 2. Let q be v(0). Suppose 0 = 2*u + q*u - 20. Suppose -2*h + 3*d + 25 = -3, u*h + 3*d = 49. What are the prime factors of h?
11
Suppose -2*j = -3*j + 7. Let t = -5 + j. List the prime factors of t.
2
List the prime factors of (558/21)/(3 - 20/7).
2, 3, 31
Suppose 5*q + 33 - 88 = 0. Suppose -8*j + 5*j + 27 = -2*z, 0 = -5*z - 3*j - 15. Let h = z + q. What are the prime factors of h?
5
Suppose 2*n + 4*v - 74 = 0, -3*v + 0 = 12. List the prime factors of n.
3, 5
Suppose -2*p = -5*p. Suppose -5*d + 102 = -4*c - 27, -3*d - c + 74 = p. List the prime factors of d.
5
Let v be -10 + (-2 + 1)*2. What are the prime factors of (v/(-10))/(2/10)?
2, 3
Let f be (24/9)/((-2)/(-9)). Suppose -5*p + f = -2*d, 4*d + 3*p = -0*p + 28. Let k = 9 - d. What are the prime factors of k?
5
Let d(k) = -k**3 - 8*k**2 + 11*k + 12. What are the prime factors of d(-10)?
2, 3, 17
Let o(g) = 6*g**2 + 8*g + 3 - 4*g**3 - 3*g + 5*g**3. Let n be o(-5). Suppose -2*u + 10 = n*u. What are the prime factors of u?
2
List the prime factors of -12 + 9 + (0 - -11).
2
Suppose -1176 = t - 8*t. List the prime factors of t.
2, 3, 7
Suppose 2*d - 31 = 17. Let t = d + -7. What are the prime factors of t?
17
Let d(u) = 24*u**2 - 2*u + 8. What are the prime factors of d(2)?
2, 5
Let c(x) be the second derivative of x**5/60 + x**4/12 - x**3/6 + 3*x. Let n(k) be the second derivative of c(k). What are the prime factors of n(4)?
2, 5
Let x = -13 - -30. Let l = x - -4. List the prime factors of l.
3, 7
Suppose 0 = 5*c - 2*c - 12. List the prime factors of (-1)/((-2)/c - 0).
2
Let a = 214 - 128. Let d = a - 59. What are the prime factors of d?
3
Let h(y) = -17*y**2 + 1. Let q be h(1). Let n = 22 + q. What are the prime factors of (-5 - -2)/(n/(-8))?
2
Let q = 7 + -7. Let x = 3 - q. What are the prime factors of x?
3
Let c(b) = 4*b**3 - 2*b**2 + b + 1. Suppose -4*n + 5 = h - 4, -10 = -3*n - 4*h. What are the prime factors of c(n)?
3
Let t = -4 - -25. What are the prime factors of t?
3, 7
Let h be 2/7 - (-187)/7. Let z = h + -8. List the prime factors of z.
19
Suppose -2*h - 2*h = 0. Suppose 3*p = -h + 12. Suppose 0*j - 3*j - p*w + 23 = 0, -4*w = 4*j - 32. List the prime factors of j.
3
Let r = -8 + 1. Let s be (-4)/3 - (-4)/(-6). List the prime factors of 88/14 - s/r.
2, 3
Let h = 46 - 25. What are the prime factors of h?
3, 7
List the prime factors of (-1 - -2)/(2/258).
3, 43
Suppose 0 = 5*l - 4*x - 680, -5*l - 6*x = -11*x - 680. What are the prime factors of l?
2, 17
Let g = 11 + -22. Let r(v) = -v**3 - 11*v**2 - 5*v - 10. What are the prime factors of r(g)?
3, 5
Let t(h) = -h**2 - h + 8. Let v be t(0). Let o(g) = 2*g - 3. Let y be o(v). Suppose 0 = 5*x + b - 4 - 42, -x - 4*b = -y. List the prime factors of x.
3
Let u be (-2)/(-6)*0 + 2. Suppose -108 = -4*l - u*c, l - 32 = -3*c - 5. Suppose 4*t = -4*p + 24, 1 = 4*p + 5*t - l. List the prime factors of p.
2
Let a(z) = -3*z**2 + z. Let y be a(-1). Let h = 27 + y. What are the prime factors of h?
23
Suppose 3 = 5*y - 112. What are the prime factors of y?
23
Let w(j) = j**3 + 7*j**2 - 3*j - 5. List the prime factors of w(-6).
7
Suppose 1 = -2*n + 3. Suppose n = -2*m + 13. What are the prime factors of m?
2, 3
Let f(r) = -r**3 + 14*r**2 - 19*r + 14. List the prime factors of f(10).
2, 7
Let u = 4 + 12. List the prime factors of u.
2
Let t = -29 + 21. Let x = t - -25. List the prime factors of x.
17
Suppose -31 = -s + 5*o, o + 39 = 4*s - 2*o. List the prime factors of s.
2, 3
Suppose 2*c + 275 = p - 47, -c + 3 = 0. What are the prime factors of p?
2, 41
Let t(b) = -24*b**3 + 4*b**2 - 9*b + 11. Let r(k) = 12*k**3 - 2*k**2 + 5*k - 6. Let c(l) = 11*r(l) + 6*t(l). List the prime factors of c(-1).
13
Suppose -3*d + 177 = 5*j, -4*j + 148 = -2*d - 2*d. Suppose -j = -2*k - 8. What are the prime factors of k?
2, 7
Let l(w) be the second derivative of -w**4/12 + 5*w**3/3 - 5*w**2 - w. List the prime factors of l(7).
11
Let i(h) be the first derivative of h**3/3 - 5*h**2/2 - 4*h - 8. List the prime factors of i(-4).
2
Let r = -13 - -18. Suppose r*f + 15 = -x, -5 = -5*x - 3*f + 8. List the prime factors of x.
5
What are the prime factors of (2/(-3))/(